{"id":6531,"date":"2024-02-23T21:03:37","date_gmt":"2024-02-23T20:03:37","guid":{"rendered":"https:\/\/wallar.com.co\/?post_type=product&#038;p=6531"},"modified":"2025-01-27T19:57:21","modified_gmt":"2025-01-28T00:57:21","slug":"laminas-hidrogel-para-pantallas-x50-pcs-ss-057b-hq-sunshine","status":"publish","type":"product","link":"https:\/\/wallar.com.co\/index.php\/product\/laminas-hidrogel-para-pantallas-x50-pcs-ss-057b-hq-sunshine\/","title":{"rendered":"L\u00e1minas Hidrogel Para Pantallas X50 Pcs SS-057B Hq Sunshine"},"content":{"rendered":"<h3>SUNSHINE SS-057B Hidrogel importado anti-luz azul<\/h3>\n<p>En la sociedad moderna, los productos electr\u00f3nicos son inseparables de nosotros. El uso prolongado de productos electr\u00f3nicos puede provocar fatiga ocular, discapacidad visual y miop\u00eda. SS-057B Hidrogel importado antiluz azul, filtra eficazmente la luz azul y protege los ojos.<\/p>\n<p>\u00d8\u00a0Fabricaci\u00f3n original de material de TPU ligero anti-azul coreano.<\/p>\n<p>\u00d8\u00a0Filtra eficazmente la luz azul da\u00f1ina y protege los ojos.<\/p>\n<p>\u00d8\u00a0Textura de metal desnudo, tan delgada como 0,1 mm.<\/p>\n<p>\u00d8 Buena fluidez, los peque\u00f1os ara\u00f1azos se reparan autom\u00e1ticamente en 24 horas.<\/p>\n<p>\u00d8 Suave y apretado, soluciona el problema de la pel\u00edcula del tel\u00e9fono m\u00f3vil del borde.<\/p>\n<p>\u00d8 Flexible: Se adapta a cualquier tipo de pantalla (plana, curva o flexibles)<\/p>\n<p>\u00d8 Adaptable: Se puede usar para proteger de golpes las carcasas posteriores. Incluso en las c\u00e1maras no afecta la definici\u00f3n y las protege de rayones ya que son las que sobresalen y est\u00e1n expuestas a las superficies.<\/p>\n<p>\u00d8 Autorreparable: Por su composici\u00f3n absorbe los impactos y peque\u00f1os ara\u00f1azos y con el tiempo se expande por su flexibilidad y elasticidad borrando las marcas.<\/p>\n<p>\u00d8 Minimalista: con solo 0,1mm de grosor es apenas perceptible en tu pantalla, no interfiere en la funci\u00f3n del touch ni en el reconocimiento de huella.<\/p>\n<p>\u00d8 Durable: Es un material resistente y garantizado, sin embargo, depende del cuidado ya que no existe material que te garantice que tras un fuerte golpe tu dispositivo quede intacto.<\/p>\n<p>\u00d8 F\u00e1cil instalaci\u00f3n: t\u00fa mismo la puedes instalar (recuerda el display debe estar libre de polvo, grasa y cualquier part\u00edcula, lo instalas al tener precisi\u00f3n centrada en los orificios de la l\u00e1mina y as\u00ed tendr\u00e1s excelentes resultados, pero si deseas al comprarla y recogerla en persona lo podemos hacer por ti sin costo adicional).<\/p>\n","protected":false},"excerpt":{"rendered":"<p>SUNSHINE SS-057B Hidrogel importado anti-luz azul En la sociedad moderna, los productos electr\u00f3nicos son inseparables de nosotros. El uso prolongado de productos electr\u00f3nicos puede provocar&#8230;<\/p>\n","protected":false},"featured_media":6533,"comment_status":"open","ping_status":"closed","template":"","meta":{"_joinchat":[]},"etheme_brands":[{"term_id":175,"name":"Sunshine","slug":"sunshine","term_group":0,"term_taxonomy_id":175,"taxonomy":"brand","description":"","parent":0,"count":7,"filter":"raw"}],"product_brand":[],"product_cat":[171],"product_tag":[180,181,182],"class_list":{"0":"post-6531","1":"product","2":"type-product","3":"status-publish","4":"has-post-thumbnail","6":"brand-sunshine","7":"product_cat-hidrogel","8":"product_tag-luz-azul","9":"product_tag-protector","10":"product_tag-tpu","12":"first","13":"instock","14":"sale","15":"shipping-taxable","16":"purchasable","17":"product-type-simple"},"_links":{"self":[{"href":"https:\/\/wallar.com.co\/index.php\/wp-json\/wp\/v2\/product\/6531","targetHints":{"allow":["GET"]}}],"collection":[{"href":"https:\/\/wallar.com.co\/index.php\/wp-json\/wp\/v2\/product"}],"about":[{"href":"https:\/\/wallar.com.co\/index.php\/wp-json\/wp\/v2\/types\/product"}],"replies":[{"embeddable":true,"href":"https:\/\/wallar.com.co\/index.php\/wp-json\/wp\/v2\/comments?post=6531"}],"version-history":[{"count":1,"href":"https:\/\/wallar.com.co\/index.php\/wp-json\/wp\/v2\/product\/6531\/revisions"}],"predecessor-version":[{"id":6535,"href":"https:\/\/wallar.com.co\/index.php\/wp-json\/wp\/v2\/product\/6531\/revisions\/6535"}],"wp:featuredmedia":[{"embeddable":true,"href":"https:\/\/wallar.com.co\/index.php\/wp-json\/wp\/v2\/media\/6533"}],"wp:attachment":[{"href":"https:\/\/wallar.com.co\/index.php\/wp-json\/wp\/v2\/media?parent=6531"}],"wp:term":[{"taxonomy":"brand","embeddable":true,"href":"https:\/\/wallar.com.co\/index.php\/wp-json\/wp\/v2\/etheme_brands?post=6531"},{"taxonomy":"product_brand","embeddable":true,"href":"https:\/\/wallar.com.co\/index.php\/wp-json\/wp\/v2\/product_brand?post=6531"},{"taxonomy":"product_cat","embeddable":true,"href":"https:\/\/wallar.com.co\/index.php\/wp-json\/wp\/v2\/product_cat?post=6531"},{"taxonomy":"product_tag","embeddable":true,"href":"https:\/\/wallar.com.co\/index.php\/wp-json\/wp\/v2\/product_tag?post=6531"}],"curies":[{"name":"wp","href":"https:\/\/api.w.org\/{rel}","templated":true}]}}