{"id":6238,"date":"2024-02-13T17:16:11","date_gmt":"2024-02-13T16:16:11","guid":{"rendered":"https:\/\/wallar.com.co\/?post_type=product&#038;p=6238"},"modified":"2024-09-24T11:44:51","modified_gmt":"2024-09-24T16:44:51","slug":"handheld-tc57-zebra-android-10","status":"publish","type":"product","link":"https:\/\/wallar.com.co\/index.php\/product\/handheld-tc57-zebra-android-10\/","title":{"rendered":"Handheld TC57 Zebra Android 10"},"content":{"rendered":"<h3>Computadoras t\u00e1ctiles TC57<\/h3>\n<p>Se basan en las reconocidas TC56, pero agregan una plataforma y funcionalidades nuevas para proporcionar lo \u00faltimo en c\u00f3mputo t\u00e1ctil de nivel empresarial. Obtiene la mejor experiencia del usuario: la simplicidad de Android con todas las caracter\u00edsticas empresariales que los trabajadores necesitan para maximizar la productividad y minimizar los tiempos de ciclo. Obtiene los \u00faltimos avances tecnol\u00f3gicos en una plataforma de \u00faltima generaci\u00f3n para maximizar hoy los beneficios de la movilidad y disponer de las herramientas a futuro para llevar a cabo las operaciones comerciales. Obtiene Mobility DNA\u2122, la mejor colecci\u00f3n de aplicaciones de valor agregado, con cuatro nuevas soluciones complementarias que proporcionan una funcionalidad sin igual, como el mejor rendimiento de wifi posible, control centralizado del proceso de actualizaci\u00f3n de los dispositivos, control sobre el acceso a los Servicios de Google para M\u00f3viles (GMS, por sus siglas en ingl\u00e9s) y mucho m\u00e1s. Adem\u00e1s, los servicios de visibilidad opcionales ofrecen lo \u00faltimo en capacidades de administraci\u00f3n de dispositivos para maximizar el valor del dispositivo.<\/p>\n<p>Estado: Producto Nuevo.<\/p>\n<p>Para mayor informaci\u00f3n de las caracter\u00edsticas del dispositivo, visita el siguiente enlace:\u00a0<a href=\"https:\/\/www.zebra.com\/content\/dam\/zebra_dam\/es_la\/spec-sheets\/tc52-tc57-specification-sheet-es-la.pdf\">tc52-tc57-specification-sheet-es-la.pdf (zebra.com)<\/a><\/p>\n","protected":false},"excerpt":{"rendered":"<p>Computadoras t\u00e1ctiles TC57 Se basan en las reconocidas TC56, pero agregan una plataforma y funcionalidades nuevas para proporcionar lo \u00faltimo en c\u00f3mputo t\u00e1ctil de nivel&#8230;<\/p>\n","protected":false},"featured_media":6240,"comment_status":"open","ping_status":"closed","template":"","meta":{"_joinchat":[]},"etheme_brands":[{"term_id":174,"name":"Zebra","slug":"zebra","term_group":0,"term_taxonomy_id":174,"taxonomy":"brand","description":"","parent":0,"count":3,"filter":"raw"}],"product_brand":[],"product_cat":[41],"product_tag":[],"class_list":{"0":"post-6238","1":"product","2":"type-product","3":"status-publish","4":"has-post-thumbnail","6":"brand-zebra","7":"product_cat-dispositivos_moviles","9":"first","10":"instock","11":"sale","12":"shipping-taxable","13":"purchasable","14":"product-type-simple"},"_links":{"self":[{"href":"https:\/\/wallar.com.co\/index.php\/wp-json\/wp\/v2\/product\/6238","targetHints":{"allow":["GET"]}}],"collection":[{"href":"https:\/\/wallar.com.co\/index.php\/wp-json\/wp\/v2\/product"}],"about":[{"href":"https:\/\/wallar.com.co\/index.php\/wp-json\/wp\/v2\/types\/product"}],"replies":[{"embeddable":true,"href":"https:\/\/wallar.com.co\/index.php\/wp-json\/wp\/v2\/comments?post=6238"}],"version-history":[{"count":1,"href":"https:\/\/wallar.com.co\/index.php\/wp-json\/wp\/v2\/product\/6238\/revisions"}],"predecessor-version":[{"id":6244,"href":"https:\/\/wallar.com.co\/index.php\/wp-json\/wp\/v2\/product\/6238\/revisions\/6244"}],"wp:featuredmedia":[{"embeddable":true,"href":"https:\/\/wallar.com.co\/index.php\/wp-json\/wp\/v2\/media\/6240"}],"wp:attachment":[{"href":"https:\/\/wallar.com.co\/index.php\/wp-json\/wp\/v2\/media?parent=6238"}],"wp:term":[{"taxonomy":"brand","embeddable":true,"href":"https:\/\/wallar.com.co\/index.php\/wp-json\/wp\/v2\/etheme_brands?post=6238"},{"taxonomy":"product_brand","embeddable":true,"href":"https:\/\/wallar.com.co\/index.php\/wp-json\/wp\/v2\/product_brand?post=6238"},{"taxonomy":"product_cat","embeddable":true,"href":"https:\/\/wallar.com.co\/index.php\/wp-json\/wp\/v2\/product_cat?post=6238"},{"taxonomy":"product_tag","embeddable":true,"href":"https:\/\/wallar.com.co\/index.php\/wp-json\/wp\/v2\/product_tag?post=6238"}],"curies":[{"name":"wp","href":"https:\/\/api.w.org\/{rel}","templated":true}]}}