{"id":6200,"date":"2024-02-09T00:02:20","date_gmt":"2024-02-08T23:02:20","guid":{"rendered":"https:\/\/wallar.com.co\/?post_type=product&#038;p=6200"},"modified":"2024-09-24T11:42:18","modified_gmt":"2024-09-24T16:42:18","slug":"honeywell-scanpal-eda51","status":"publish","type":"product","link":"https:\/\/wallar.com.co\/index.php\/product\/honeywell-scanpal-eda51\/","title":{"rendered":"Honeywell Scanpal EDA51 Android 8.1"},"content":{"rendered":"<p>Honeywell ScanPal EDA51,\u00a0<b>uno de los terminales m\u00f3viles con lector de c\u00f3digos 2D m\u00e1s reconocidos en el mundo<\/b>. Trabaja con el sistema operativo Android e incluye todos los servicios de Google. Cuenta con la clasificaci\u00f3n IP64 y conectividad: Bluetooth, WLAN y GMS, adem\u00e1s del r\u00e1pido procesador Qualcomm Octa-Core.<\/p>\n<p>Para ver las caracter\u00edsticas completas y comprobar si funciona para tu operaci\u00f3n, ve al siguiente link donde esta la ficha t\u00e9cnica:<\/p>\n<p><a href=\"https:\/\/prod-edam.honeywell.com\/content\/dam\/honeywell-edam\/sps\/ppr\/pt-br\/public\/products\/mobile-computers\/handheld-computers\/eda51\/documents\/sps-ppr-scanpal-eda51-handheld-computer-data-sheet-en.pdf\">EDA 51 Datasheet | Honeywell<\/a><\/p>\n<p>Cualquier duda o comentario no dudes en contactarnos a nuestro\u00a0<a href=\"https:\/\/api.whatsapp.com\/send\/?phone=%2B573183529888&amp;text&amp;type=phone_number&amp;app_absent=0\">whatsapp<\/a>.<\/p>\n","protected":false},"excerpt":{"rendered":"<p>Honeywell ScanPal EDA51,\u00a0uno de los terminales m\u00f3viles con lector de c\u00f3digos 2D m\u00e1s reconocidos en el mundo. Trabaja con el sistema operativo Android e incluye&#8230;<\/p>\n","protected":false},"featured_media":6188,"comment_status":"open","ping_status":"closed","template":"","meta":{"_joinchat":[]},"etheme_brands":[{"term_id":173,"name":"Honeywell","slug":"honeywell","term_group":0,"term_taxonomy_id":173,"taxonomy":"brand","description":"","parent":0,"count":11,"filter":"raw"}],"product_brand":[],"product_cat":[41],"product_tag":[],"class_list":{"0":"post-6200","1":"product","2":"type-product","3":"status-publish","4":"has-post-thumbnail","6":"brand-honeywell","7":"product_cat-dispositivos_moviles","9":"first","10":"instock","11":"sale","12":"shipping-taxable","13":"purchasable","14":"product-type-simple"},"_links":{"self":[{"href":"https:\/\/wallar.com.co\/index.php\/wp-json\/wp\/v2\/product\/6200","targetHints":{"allow":["GET"]}}],"collection":[{"href":"https:\/\/wallar.com.co\/index.php\/wp-json\/wp\/v2\/product"}],"about":[{"href":"https:\/\/wallar.com.co\/index.php\/wp-json\/wp\/v2\/types\/product"}],"replies":[{"embeddable":true,"href":"https:\/\/wallar.com.co\/index.php\/wp-json\/wp\/v2\/comments?post=6200"}],"version-history":[{"count":2,"href":"https:\/\/wallar.com.co\/index.php\/wp-json\/wp\/v2\/product\/6200\/revisions"}],"predecessor-version":[{"id":6235,"href":"https:\/\/wallar.com.co\/index.php\/wp-json\/wp\/v2\/product\/6200\/revisions\/6235"}],"wp:featuredmedia":[{"embeddable":true,"href":"https:\/\/wallar.com.co\/index.php\/wp-json\/wp\/v2\/media\/6188"}],"wp:attachment":[{"href":"https:\/\/wallar.com.co\/index.php\/wp-json\/wp\/v2\/media?parent=6200"}],"wp:term":[{"taxonomy":"brand","embeddable":true,"href":"https:\/\/wallar.com.co\/index.php\/wp-json\/wp\/v2\/etheme_brands?post=6200"},{"taxonomy":"product_brand","embeddable":true,"href":"https:\/\/wallar.com.co\/index.php\/wp-json\/wp\/v2\/product_brand?post=6200"},{"taxonomy":"product_cat","embeddable":true,"href":"https:\/\/wallar.com.co\/index.php\/wp-json\/wp\/v2\/product_cat?post=6200"},{"taxonomy":"product_tag","embeddable":true,"href":"https:\/\/wallar.com.co\/index.php\/wp-json\/wp\/v2\/product_tag?post=6200"}],"curies":[{"name":"wp","href":"https:\/\/api.w.org\/{rel}","templated":true}]}}